 and 12.
12
Suppose -10 = 2*c - 30. What is the greatest common factor of 1190 and c?
10
Let h be -1 + 4 + 3 + -1. Let l be 349/h - 2*(-1)/10. Let f be 3/3*1*10. What is the greatest common divisor of f and l?
10
Let d = 18 + -16. Suppose -12 = -4*z + 2*n, -3*n = -5*z - 4*n + 29. Let a be (1 + z)/(2/d). What is the greatest common divisor of 12 and a?
6
Suppose 5*v - m = 224, 31 + 12 = v - 2*m. Suppose -4*k - k + 180 = 0. Suppose 2*u = -0*u + k. Calculate the greatest common divisor of v and u.
9
Suppose 47*m = -25*m + 1008. Let b be ((-36)/(-3))/(2/21). Calculate the greatest common divisor of m and b.
14
Let o be 24/8 - (-1 + (-2)/(-1)). Calculate the highest common factor of o and 8.
2
Let u(w) = -2*w**3 + 29*w**2 - 13*w + 136. Let x be u(14). Suppose -4*d + m - 85 = -320, d = -2*m + 70. Calculate the greatest common factor of x and d.
30
Suppose -9*k + 3*k + 66 = 0. What is the greatest common divisor of k and 583?
11
Let w be 12 - 4/8*6. Let p(d) = d**3 - 10*d**2 + 10*d + 4. Let s be p(w). Calculate the highest common factor of 104 and s.
13
Let n be 1 + 3 + -2 + -5. Let m = n - -93. Calculate the greatest common factor of 10 and m.
10
Let p(t) = t**2 - 3. Let h be p(3). Let y = -11 + 6. Let x be (-22)/(-2) - 5/y. Calculate the greatest common divisor of x and h.
6
Suppose 0 = 5*b - 5*r - 3 - 192, -3*b + 123 = -r. What is the highest common factor of b and 105?
21
Let r = -72 - -85. What is the greatest common factor of r and 65?
13
Suppose -4*j + 15 = -j. Let d be 3/j*(72 + -7). Suppose -62 = -2*u - 2*f - 3*f, f = 4*u - 102. What is the greatest common factor of u and d?
13
Let u(b) = 12*b + 27. Let d(p) = 11*p + 25. Let v(q) = -3*d(q) + 2*u(q). Let l be v(-7). Suppose t = -2*t + 84. Calculate the highest common factor of l and t.
14
Let v = -17 - -32. Suppose 0 = -8*d + 9*d + 6. Let t be (-15)/d - 1/(-2). What is the highest common factor of t and v?
3
Suppose 4*m + 161 - 505 = 0. What is the greatest common divisor of 860 and m?
86
Suppose 0 = 5*m - 47 + 17. Suppose 5*b + p = 403, -b - 7*p + 79 = -m*p. Let j be (-2)/(-6) + 52/6. What is the highest common factor of j and b?
9
Let j be -1*(-4)/(-8) - (-125)/10. Suppose x + 3*o - 3 - 20 = 0, -3*x - 5*o = -49. What is the highest common factor of x and j?
4
Let k(c) = -2*c**2 + 22*c - 22. Let r be k(10). Let u = r - -15. What is the greatest common divisor of u and 26?
13
Let y be (-8)/(-40)*-5 - (0 - 92). What is the highest common factor of 273 and y?
91
Suppose -3*c - 5*k - 3540 = -5*c, -3*c + 2*k + 5321 = 0. What is the highest common factor of 71 and c?
71
Let w be ((-30)/8)/((-3)/696*3). Calculate the highest common divisor of 10 and w.
10
Suppose -l + c - 4 = -22, 90 = 5*l + 5*c. Suppose 3*d - 5*d = -l. Calculate the highest common factor of d and 72.
9
Suppose 4*t = -3*g + 30, 2*g - 4 - 16 = 4*t. Calculate the highest common divisor of g and 2.
2
Let l be ((-14)/(-8) - 2) + 10/8. Let p be (l*10/(-3))/((-96)/1584). Calculate the highest common divisor of p and 550.
55
Let h(o) be the second derivative of o**4/6 - 11*o**3/2 - 21*o**2 + 12*o. Let w be h(18). Calculate the highest common factor of 18 and w.
6
Let l be (-783)/(-522)*((-42)/(-1) - 0). What is the greatest common factor of l and 9?
9
Let m(v) = -v**3 + 7*v**2 - 12. Let h be m(3). What is the greatest common divisor of h and 32?
8
Let d = 2258 + -2062. What is the highest common divisor of 112 and d?
28
Let u(s) = 3*s**2 - 13*s + 8. Let g be u(7). Let h = g + -29. What is the greatest common divisor of h and 35?
35
Let g be (1 + 5/3)*-3. Let w = g - 20. Let x be 3/(-1 - 34/w). Calculate the greatest common divisor of 14 and x.
14
Let a(y) = y**3 - 43*y**2 - 35*y + 60. Let o be a(44). Calculate the greatest common factor of 72 and o.
24
Let c(k) = 2*k**2 + 82*k + 168. Let z be c(-39). Calculate the greatest common divisor of z and 972.
12
Let t be (48/(-10))/(66/(-15) - -4). Let g be (-1 + 10)/((-6)/(-72)). What is the greatest common factor of g and t?
12
Let d be (126/(-4))/3*-2. Suppose 3*z - 122 - 193 = 0. What is the highest common divisor of z and d?
21
Let c be 0/(-4) - -1*2. Let r(n) = 111 + 108 - 217 - 3*n + 2*n**2 + 0*n. Let d be r(c). What is the greatest common factor of 8 and d?
4
Let j be (2 - 3) + 139 + -3. Suppose -2*p + 270 = 2*w + 3*w, -p = 2*w - 108. Calculate the greatest common divisor of w and j.
27
Suppose 7*y - 287 = 105. What is the highest common divisor of y and 1204?
28
Let j be (42/(-9))/((-4)/6). Suppose -38 + 107 = 5*g - r, r - 1 = 0. What is the highest common factor of j and g?
7
Let x be 20*1*(-6)/(-10). Let l = 14 - x. Suppose -2*f + 4*f - 7 = 3*g, -4*f = -5*g - 15. Calculate the highest common factor of l and g.
1
Let h(i) = i - 6. Let z be h(18). Suppose 0*y + 4*y - 32 = 0. Calculate the greatest common factor of z and y.
4
Let l(a) = 2*a**2 - 6*a - 10. Let i = 21 + -23. Let m be l(i). Calculate the greatest common divisor of 15 and m.
5
Suppose -19*w + 15*w = -1868. Suppose -w = -2*q - u, 5*q - 1806 = -u - 634. Calculate the highest common factor of q and 47.
47
Let u(d) = -d - 7. Let i be u(-22). Suppose -2*q = -2*a - 326, -a - 169 = -q - 3*a. Calculate the highest common factor of q and i.
15
Suppose 0 = -2*i - 20*i + 176. Let r be (16/10)/((-2)/(-10)). Suppose 3*w + b + r = 6*w, -i = w - 3*b. What is the greatest common divisor of 10 and w?
2
Suppose -682 = -3*n - 5*p, -456 = -2*n + 2*p - 6*p. What is the greatest common divisor of 56 and n?
56
Let n = -105 + 108. Let y be n + 155 - (-4 - -2). Calculate the highest common divisor of y and 10.
10
Suppose d = 3*d. Suppose d = -4*x - 0*h + 5*h + 31, 2*x + h = 5. What is the greatest common factor of x and 1?
1
Let j = 829 + -570. What is the highest common factor of 111 and j?
37
Let o be (-742)/(-126) + 3/27. What is the greatest common divisor of 14 and o?
2
Suppose 721 - 2101 = -3*z. Calculate the greatest common factor of 92 and z.
92
Let m(u) = u**2 - 9*u + 17. Let b be m(7). Let l(c) = 6*c**2 + 6 - c**b - 4*c - 1 + 2. Let k be l(5). Calculate the highest common factor of k and 4.
4
Let c(u) = u - 10. Let h be c(12). Let y(r) = 6*r + 1. Let w be y(h). Suppose 0 = a + 4*a - 520. Calculate the greatest common factor of w and a.
13
Let g be 1*(1 - 0) - -1. Suppose -4*v - g*w + 0*w = 0, -1 = -5*v - 2*w. Suppose -a + v = -2. Calculate the greatest common factor of a and 6.
3
Let w = 607 - 312. What is the highest common factor of w and 118?
59
Let v(i) = 7*i - 48. Let w(y) = 7*y**3 + y**2 + 1. Let z be w(1). Let b be v(z). What is the highest common factor of 120 and b?
15
Suppose -k = 4*a - 38 + 180, 3*k - a = -465. Let j = k - -418. Calculate the highest common factor of j and 33.
33
Suppose -4*y = 4*u - 636, 53*u - 56*u - 4*y = -474. What is the greatest common divisor of 4698 and u?
162
Suppose 0 = 4*v - 2*v - 32. Suppose 0*r + k = 4*r - 4, r - 4*k = v. Suppose i - 4*i + 15 = r. What is the highest common divisor of i and 15?
5
Let x = 62 - -242. Calculate the highest common factor of x and 32.
16
Let m be 4/22 - 435/33. Let g = 14 + m. Let l be (10 - 8) + g/(-1). What is the highest common divisor of 1 and l?
1
Suppose s = 79 - 74. Suppose g + 3*g = 60. What is the highest common factor of g and s?
5
Suppose 28 = 14*r - 11*r + b, 3*b = -6. What is the greatest common factor of r and 135?
5
Let z = 1771 - 1423. Calculate the highest common divisor of 435 and z.
87
Suppose -3*s - 5*w = -1190, -2*w + 806 = 2*s - 5*w. Calculate the greatest common factor of s and 10.
10
Let o be -5*3/(-3) - 1. Suppose o*y = f + 3*f + 16, -2*f = -3*y + 14. Calculate the greatest common divisor of y and 30.
6
Let k = 36 + -27. Let j(f) = -f**2 + 11*f - 5. Let d be j(k). What is the greatest common divisor of 104 and d?
13
Let o be ((-4)/8)/(3*(-2)/7776). What is the greatest common divisor of o and 24?
24
Let u(k) = 51*k - 96. Let p be u(4). What is the highest common factor of p and 48?
12
Let w = 106 - 58. Let a(r) = r**3 + 42*r**2 + 82*r + 86. Let i be a(-40). Calculate the greatest common factor of w and i.
6
Suppose 258 + 12 = 18*u. Calculate the highest common factor of u and 4215.
15
Let g be 4 - (-12 - (-6 + -1)). Calculate the greatest common divisor of 51 and g.
3
Let v = 82 + -76. Let y be (76 - -2)*((-9)/v - -2). What is the highest com